{"version":"1.0","provider_name":"Padre y Decano - El Sitio del Pueblo","provider_url":"https:\/\/www.padreydecano.com\/cms","title":"Welker vs Prudente (Pe\u00f1arol vs AUDAF) - Padre y Decano - El Sitio del Pueblo","type":"rich","width":600,"height":338,"html":"<blockquote class=\"wp-embedded-content\" data-secret=\"mBqekPrXQ1\"><a href=\"https:\/\/www.padreydecano.com\/cms\/encuestas\/welker-vs-prudente-penarol-vs-audaf\/\">Welker vs Prudente (Pe\u00f1arol vs AUDAF)<\/a><\/blockquote><iframe sandbox=\"allow-scripts\" security=\"restricted\" src=\"https:\/\/www.padreydecano.com\/cms\/encuestas\/welker-vs-prudente-penarol-vs-audaf\/embed\/#?secret=mBqekPrXQ1\" width=\"600\" height=\"338\" title=\"\u00abWelker vs Prudente (Pe\u00f1arol vs AUDAF)\u00bb \u2014 Padre y Decano - El Sitio del Pueblo\" data-secret=\"mBqekPrXQ1\" frameborder=\"0\" marginwidth=\"0\" marginheight=\"0\" scrolling=\"no\" class=\"wp-embedded-content\"><\/iframe><script type=\"text\/javascript\">\n\/* <![CDATA[ *\/\n\/*! This file is auto-generated *\/\n!function(d,l){\"use strict\";l.querySelector&&d.addEventListener&&\"undefined\"!=typeof URL&&(d.wp=d.wp||{},d.wp.receiveEmbedMessage||(d.wp.receiveEmbedMessage=function(e){var t=e.data;if((t||t.secret||t.message||t.value)&&!\/[^a-zA-Z0-9]\/.test(t.secret)){for(var s,r,n,a=l.querySelectorAll('iframe[data-secret=\"'+t.secret+'\"]'),o=l.querySelectorAll('blockquote[data-secret=\"'+t.secret+'\"]'),c=new RegExp(\"^https?:$\",\"i\"),i=0;i<o.length;i++)o[i].style.display=\"none\";for(i=0;i<a.length;i++)s=a[i],e.source===s.contentWindow&&(s.removeAttribute(\"style\"),\"height\"===t.message?(1e3<(r=parseInt(t.value,10))?r=1e3:~~r<200&&(r=200),s.height=r):\"link\"===t.message&&(r=new URL(s.getAttribute(\"src\")),n=new URL(t.value),c.test(n.protocol))&&n.host===r.host&&l.activeElement===s&&(d.top.location.href=t.value))}},d.addEventListener(\"message\",d.wp.receiveEmbedMessage,!1),l.addEventListener(\"DOMContentLoaded\",function(){for(var e,t,s=l.querySelectorAll(\"iframe.wp-embedded-content\"),r=0;r<s.length;r++)(t=(e=s[r]).getAttribute(\"data-secret\"))||(t=Math.random().toString(36).substring(2,12),e.src+=\"#?secret=\"+t,e.setAttribute(\"data-secret\",t)),e.contentWindow.postMessage({message:\"ready\",secret:t},\"*\")},!1)))}(window,document);\n\/* ]]> *\/\n<\/script>\n","thumbnail_url":"https:\/\/www.padreydecano.com\/cms\/wp-content\/uploads\/2012\/06\/edgar-welker.jpg","thumbnail_width":"560","thumbnail_height":"332","description":"Edgar Welker arremeti\u00f3 contra el \u00e1rbitro Liber Prudente luego del pol\u00e9mico partido del domingo ante River Plate. En represalia, la gremial de \u00e1rbitros AUDAF emiti\u00f3 un comunicado en el que expresa que no arbitrar\u00e1 m\u00e1s a Pe\u00f1arol a menos que el vicepresidente del club rectifique p\u00fablicamente sus dichos. Una vez finalizado el encuentro ante los [&hellip;]"}

Welker vs Prudente (Peñarol vs AUDAF) - Padre y Decano - El Sitio del Pueblo

<blockquote class="wp-embedded-content" data-secret="mBqekPrXQ1"><a href="https://www.padreydecano.com/cms/encuestas/welker-vs-prudente-penarol-vs-audaf/">Welker vs Prudente (Peñarol vs AUDAF)</a></blockquote><iframe sandbox="allow-scripts" security="restricted" src="https://www.padreydecano.com/cms/encuestas/welker-vs-prudente-penarol-vs-audaf/embed/#?secret=mBqekPrXQ1" width="600" height="338" title="«Welker vs Prudente (Peñarol vs AUDAF)» — Padre y Decano - El Sitio del Pueblo" data-secret="mBqekPrXQ1" frameborder="0" marginwidth="0" marginheight="0" scrolling="no" class="wp-embedded-content"></iframe><script type="text/javascript">
/* <![CDATA[ */
/*! This file is auto-generated */
!function(d,l){"use strict";l.querySelector&&d.addEventListener&&"undefined"!=typeof URL&&(d.wp=d.wp||{},d.wp.receiveEmbedMessage||(d.wp.receiveEmbedMessage=function(e){var t=e.data;if((t||t.secret||t.message||t.value)&&!/[^a-zA-Z0-9]/.test(t.secret)){for(var s,r,n,a=l.querySelectorAll('iframe[data-secret="'+t.secret+'"]'),o=l.querySelectorAll('blockquote[data-secret="'+t.secret+'"]'),c=new RegExp("^https?:$","i"),i=0;i<o.length;i++)o[i].style.display="none";for(i=0;i<a.length;i++)s=a[i],e.source===s.contentWindow&&(s.removeAttribute("style"),"height"===t.message?(1e3<(r=parseInt(t.value,10))?r=1e3:~~r<200&&(r=200),s.height=r):"link"===t.message&&(r=new URL(s.getAttribute("src")),n=new URL(t.value),c.test(n.protocol))&&n.host===r.host&&l.activeElement===s&&(d.top.location.href=t.value))}},d.addEventListener("message",d.wp.receiveEmbedMessage,!1),l.addEventListener("DOMContentLoaded",function(){for(var e,t,s=l.querySelectorAll("iframe.wp-embedded-content"),r=0;r<s.length;r++)(t=(e=s[r]).getAttribute("data-secret"))||(t=Math.random().toString(36).substring(2,12),e.src+="#?secret="+t,e.setAttribute("data-secret",t)),e.contentWindow.postMessage({message:"ready",secret:t},"*")},!1)))}(window,document);
/* ]]> */
</script>

Edgar Welker arremetió contra el árbitro Liber Prudente luego del polémico partido del domingo ante River Plate. En represalia, la gremial de árbitros AUDAF emitió un comunicado en el que expresa que no arbitrará más a Peñarol a menos que el vicepresidente del club rectifique públicamente sus dichos. Una vez finalizado el encuentro ante los [&hellip;]
