{"version":"1.0","provider_name":"Padre y Decano - El Sitio del Pueblo","provider_url":"https:\/\/www.padreydecano.com\/cms","title":"\u00bfQuedamos en offside? - Padre y Decano - El Sitio del Pueblo","type":"rich","width":600,"height":338,"html":"<blockquote class=\"wp-embedded-content\" data-secret=\"iDkuwqbuAx\"><a href=\"https:\/\/www.padreydecano.com\/cms\/columnas\/quedamos-en-offside\/\">\u00bfQuedamos en offside?<\/a><\/blockquote><iframe sandbox=\"allow-scripts\" security=\"restricted\" src=\"https:\/\/www.padreydecano.com\/cms\/columnas\/quedamos-en-offside\/embed\/#?secret=iDkuwqbuAx\" width=\"600\" height=\"338\" title=\"\u00ab\u00bfQuedamos en offside?\u00bb \u2014 Padre y Decano - El Sitio del Pueblo\" data-secret=\"iDkuwqbuAx\" frameborder=\"0\" marginwidth=\"0\" marginheight=\"0\" scrolling=\"no\" class=\"wp-embedded-content\"><\/iframe><script type=\"text\/javascript\">\n\/* <![CDATA[ *\/\n\/*! This file is auto-generated *\/\n!function(d,l){\"use strict\";l.querySelector&&d.addEventListener&&\"undefined\"!=typeof URL&&(d.wp=d.wp||{},d.wp.receiveEmbedMessage||(d.wp.receiveEmbedMessage=function(e){var t=e.data;if((t||t.secret||t.message||t.value)&&!\/[^a-zA-Z0-9]\/.test(t.secret)){for(var s,r,n,a=l.querySelectorAll('iframe[data-secret=\"'+t.secret+'\"]'),o=l.querySelectorAll('blockquote[data-secret=\"'+t.secret+'\"]'),c=new RegExp(\"^https?:$\",\"i\"),i=0;i<o.length;i++)o[i].style.display=\"none\";for(i=0;i<a.length;i++)s=a[i],e.source===s.contentWindow&&(s.removeAttribute(\"style\"),\"height\"===t.message?(1e3<(r=parseInt(t.value,10))?r=1e3:~~r<200&&(r=200),s.height=r):\"link\"===t.message&&(r=new URL(s.getAttribute(\"src\")),n=new URL(t.value),c.test(n.protocol))&&n.host===r.host&&l.activeElement===s&&(d.top.location.href=t.value))}},d.addEventListener(\"message\",d.wp.receiveEmbedMessage,!1),l.addEventListener(\"DOMContentLoaded\",function(){for(var e,t,s=l.querySelectorAll(\"iframe.wp-embedded-content\"),r=0;r<s.length;r++)(t=(e=s[r]).getAttribute(\"data-secret\"))||(t=Math.random().toString(36).substring(2,12),e.src+=\"#?secret=\"+t,e.setAttribute(\"data-secret\",t)),e.contentWindow.postMessage({message:\"ready\",secret:t},\"*\")},!1)))}(window,document);\n\/* ]]> *\/\n<\/script>\n","thumbnail_url":"https:\/\/www.padreydecano.com\/cms\/wp-content\/uploads\/2012\/02\/199229_1290639335_3.jpg","thumbnail_width":"1955","thumbnail_height":"972","description":"Jorge Da Silva fue entrevistado por Julio R\u00edos en el programa Las Voces del F\u00fatbol donde realiz\u00f3 fuertes declaraciones que pondr\u00edan en duda un arreglo que ayer parec\u00eda un hecho. El entrenador que renunci\u00f3 a Banfield dijo que todav\u00eda no tiene absolutamente nada arreglado y que tiene pensado tomarse su tiempo y tal vez no [&hellip;]"}

Jorge Da Silva fue entrevistado por Julio Ríos en el programa Las Voces del Fútbol donde realizó fuertes declaraciones que pondrían en duda un arreglo que ayer parecía un hecho. El entrenador que renunció a Banfield dijo que todavía no tiene absolutamente nada arreglado y que tiene pensado tomarse su tiempo y tal vez no [&hellip;]
