{"version":"1.0","provider_name":"Padre y Decano - El Sitio del Pueblo","provider_url":"https:\/\/www.padreydecano.com\/cms","title":"El plantel para el segundo semestre - Padre y Decano - El Sitio del Pueblo","type":"rich","width":600,"height":338,"html":"<blockquote class=\"wp-embedded-content\" data-secret=\"r0KdEMGR4K\"><a href=\"https:\/\/www.padreydecano.com\/cms\/columnas\/el-plantel-para-el-segundo-semestre\/\">El plantel para el segundo semestre<\/a><\/blockquote><iframe sandbox=\"allow-scripts\" security=\"restricted\" src=\"https:\/\/www.padreydecano.com\/cms\/columnas\/el-plantel-para-el-segundo-semestre\/embed\/#?secret=r0KdEMGR4K\" width=\"600\" height=\"338\" title=\"\u00abEl plantel para el segundo semestre\u00bb \u2014 Padre y Decano - El Sitio del Pueblo\" data-secret=\"r0KdEMGR4K\" frameborder=\"0\" marginwidth=\"0\" marginheight=\"0\" scrolling=\"no\" class=\"wp-embedded-content\"><\/iframe><script type=\"text\/javascript\">\n\/* <![CDATA[ *\/\n\/*! This file is auto-generated *\/\n!function(d,l){\"use strict\";l.querySelector&&d.addEventListener&&\"undefined\"!=typeof URL&&(d.wp=d.wp||{},d.wp.receiveEmbedMessage||(d.wp.receiveEmbedMessage=function(e){var t=e.data;if((t||t.secret||t.message||t.value)&&!\/[^a-zA-Z0-9]\/.test(t.secret)){for(var s,r,n,a=l.querySelectorAll('iframe[data-secret=\"'+t.secret+'\"]'),o=l.querySelectorAll('blockquote[data-secret=\"'+t.secret+'\"]'),c=new RegExp(\"^https?:$\",\"i\"),i=0;i<o.length;i++)o[i].style.display=\"none\";for(i=0;i<a.length;i++)s=a[i],e.source===s.contentWindow&&(s.removeAttribute(\"style\"),\"height\"===t.message?(1e3<(r=parseInt(t.value,10))?r=1e3:~~r<200&&(r=200),s.height=r):\"link\"===t.message&&(r=new URL(s.getAttribute(\"src\")),n=new URL(t.value),c.test(n.protocol))&&n.host===r.host&&l.activeElement===s&&(d.top.location.href=t.value))}},d.addEventListener(\"message\",d.wp.receiveEmbedMessage,!1),l.addEventListener(\"DOMContentLoaded\",function(){for(var e,t,s=l.querySelectorAll(\"iframe.wp-embedded-content\"),r=0;r<s.length;r++)(t=(e=s[r]).getAttribute(\"data-secret\"))||(t=Math.random().toString(36).substring(2,12),e.src+=\"#?secret=\"+t,e.setAttribute(\"data-secret\",t)),e.contentWindow.postMessage({message:\"ready\",secret:t},\"*\")},!1)))}(window,document);\n\/* ]]> *\/\n<\/script>\n","thumbnail_url":"https:\/\/www.padreydecano.com\/cms\/wp-content\/uploads\/2022\/07\/Bruno-Tasende-0042-scaled.jpg","thumbnail_width":2560,"thumbnail_height":1706,"description":"Con todo el Torneo Clausura y la Copa Uruguay por jugar, haremos un repaso de las bajas con respecto al primer semestre y las altas para encarar la segunda parte del a\u00f1o.\u00a0 Bajas Agust\u00edn Canobbio Agust\u00edn \u00c1lvarez Mart\u00ednez Pablo Ceppelini Federico Carrizo Alejo Cruz Dami\u00e1n Musto Edgar Elizalde Bryan Olivera Cristian Olivera Nicol\u00e1s Schiapacasse Altas [&hellip;]"}

Con todo el Torneo Clausura y la Copa Uruguay por jugar, haremos un repaso de las bajas con respecto al primer semestre y las altas para encarar la segunda parte del año.  Bajas Agustín Canobbio Agustín Álvarez Martínez Pablo Ceppelini Federico Carrizo Alejo Cruz Damián Musto Edgar Elizalde Bryan Olivera Cristian Olivera Nicolás Schiapacasse Altas [&hellip;]
