{"version":"1.0","provider_name":"Padre y Decano - El Sitio del Pueblo","provider_url":"https:\/\/www.padreydecano.com\/cms","title":"Se cierra la primera - Padre y Decano - El Sitio del Pueblo","type":"rich","width":600,"height":338,"html":"<blockquote class=\"wp-embedded-content\" data-secret=\"OsoSDlvUIK\"><a href=\"https:\/\/www.padreydecano.com\/cms\/basket\/se-cierra-la-primera\/\">Se cierra la primera<\/a><\/blockquote><iframe sandbox=\"allow-scripts\" security=\"restricted\" src=\"https:\/\/www.padreydecano.com\/cms\/basket\/se-cierra-la-primera\/embed\/#?secret=OsoSDlvUIK\" width=\"600\" height=\"338\" title=\"\u00abSe cierra la primera\u00bb \u2014 Padre y Decano - El Sitio del Pueblo\" data-secret=\"OsoSDlvUIK\" frameborder=\"0\" marginwidth=\"0\" marginheight=\"0\" scrolling=\"no\" class=\"wp-embedded-content\"><\/iframe><script type=\"text\/javascript\">\n\/* <![CDATA[ *\/\n\/*! This file is auto-generated *\/\n!function(d,l){\"use strict\";l.querySelector&&d.addEventListener&&\"undefined\"!=typeof URL&&(d.wp=d.wp||{},d.wp.receiveEmbedMessage||(d.wp.receiveEmbedMessage=function(e){var t=e.data;if((t||t.secret||t.message||t.value)&&!\/[^a-zA-Z0-9]\/.test(t.secret)){for(var s,r,n,a=l.querySelectorAll('iframe[data-secret=\"'+t.secret+'\"]'),o=l.querySelectorAll('blockquote[data-secret=\"'+t.secret+'\"]'),c=new RegExp(\"^https?:$\",\"i\"),i=0;i<o.length;i++)o[i].style.display=\"none\";for(i=0;i<a.length;i++)s=a[i],e.source===s.contentWindow&&(s.removeAttribute(\"style\"),\"height\"===t.message?(1e3<(r=parseInt(t.value,10))?r=1e3:~~r<200&&(r=200),s.height=r):\"link\"===t.message&&(r=new URL(s.getAttribute(\"src\")),n=new URL(t.value),c.test(n.protocol))&&n.host===r.host&&l.activeElement===s&&(d.top.location.href=t.value))}},d.addEventListener(\"message\",d.wp.receiveEmbedMessage,!1),l.addEventListener(\"DOMContentLoaded\",function(){for(var e,t,s=l.querySelectorAll(\"iframe.wp-embedded-content\"),r=0;r<s.length;r++)(t=(e=s[r]).getAttribute(\"data-secret\"))||(t=Math.random().toString(36).substring(2,12),e.src+=\"#?secret=\"+t,e.setAttribute(\"data-secret\",t)),e.contentWindow.postMessage({message:\"ready\",secret:t},\"*\")},!1)))}(window,document);\n\/* ]]> *\/\n<\/script>\n","thumbnail_url":"https:\/\/www.padreydecano.com\/cms\/wp-content\/uploads\/2022\/12\/inbound4645952219660579444.jpg","thumbnail_width":1478,"thumbnail_height":985,"description":"Pe\u00f1arol recibe a Urunday Universitario en el Palacio Pe\u00f1arol por la \u00faltima fecha de la primera rueda. Luego de la primera ventana internacional los dirigido por Pablo L\u00f3pez van por una victoria ante un rival directo. Es fundamental un triunfo para escapar de la zona baja y pensar en los puestos m\u00e1s altos. La temporada [&hellip;]"}

Peñarol recibe a Urunday Universitario en el Palacio Peñarol por la última fecha de la primera rueda. Luego de la primera ventana internacional los dirigido por Pablo López van por una victoria ante un rival directo. Es fundamental un triunfo para escapar de la zona baja y pensar en los puestos más altos. La temporada [&hellip;]
